{"id":117,"date":"2017-08-22T14:41:26","date_gmt":"2017-08-22T12:41:26","guid":{"rendered":"https:\/\/www.oldie-schuppen.de\/?page_id=117"},"modified":"2017-08-22T14:41:26","modified_gmt":"2017-08-22T12:41:26","slug":"impressum","status":"publish","type":"page","link":"https:\/\/www.oldie-schuppen.de\/?page_id=117","title":{"rendered":"Impressum"},"content":{"rendered":"<p><strong>Impressum<\/strong><\/p>\n<p>Dirk L\u00fcders<\/p>\n<p>Osterheide 18<\/p>\n<p>29640 Schneverdingen<\/p>\n<p><a href=\"mailto:Info@oldie-schuppen.de\">Info@oldie-schuppen.de<\/a><\/p>\n<p>www.Oldie-Schuppen.de<\/p>\n<p>&nbsp;<\/p>\n<p>Rechtliche Hinweise<\/p>\n<p>Haftungsbeschr\u00e4nkung<\/p>\n<p>Die Seiteninhalte erstelle ich mit gr\u00f6\u00dftm\u00f6glicher Sorgfalt. Jedoch \u00fcbernehme ich keine Gew\u00e4hr f\u00fcr die Richtigkeit, Vollst\u00e4ndigkeit und Aktualit\u00e4t der von mir bereitgestellten Inhalte. Die Nutzung der Inhalte meiner Seite erfolgt auf eigene Gefahr des Nutzers.<\/p>\n<p>Mit der reinen Nutzung der Website des Anbieters kommt keinerlei Vertragsverh\u00e4ltnis zwischen dem Nutzer und dem Anbieter zustande.<\/p>\n<p>Die Nennung von Firmen-, Gebrauchs- oder Handel- bzw. Markennamen erfolgt ohne Pr\u00fcfung etwaiger Rechte Dritter. Aus einem fehlenden Markenschutz- oder Copyright-Hinweis kann insbesondere nicht der Schluss gezogen werden, diese Namen und\/oder Bezeichnungen seien frei von Rechten Dritter.<\/p>\n<p>Urheber- und Leistungsschutzrechte<\/p>\n<p>Die auf dieser Website ver\u00f6ffentlichten Inhalte unterliegen dem deutschen Urheber- und Leistungsschutzrecht.<\/p>\n<p>Gem\u00e4\u00df \u00a7 28 BDSG widerspreche ich jeder kommerziellen Verwendung und Weitergabe meiner Daten. Dies gilt insbesondere f\u00fcr Vervielf\u00e4ltigung, Bearbeitung, \u00dcbersetzung, Einspeicherung, Verarbeitung bzw. Wiedergabe von Inhalten in Datenbanken oder anderen elektronischen Medien und Systemen.<\/p>\n<p>Die unerlaubte Vervielf\u00e4ltigung oder Weitergabe einzelner Inhalte oder kompletter Seiten ist nicht gestattet und strafbar. Die Darstellung dieser Website in fremden Frames ist nur mit schriftlicher Erlaubnis zul\u00e4ssig.<\/p>\n<p>Alle Bilder &amp; Texte \u00a9 2017 Dirk L\u00fcders<\/p>\n<p>Pers\u00f6nlichkeitsrechte<\/p>\n<p>Ich bin darum bem\u00fcht, bei meinen Fotos die Rechte der fotografierten Personen zu wahren.<\/p>\n<p>Sollte sich dennoch jemand in seinem Recht am eigenen Bild verletzt sehen, dann werde ich nach einem entsprechenden Hinweis das betroffene Bild schnellstm\u00f6glich entfernen. Bitte kontaktieren Sie mich per e-mail \u00fcber die oben angegebene e-mail Adresse.<\/p>\n<p>Externe Links<\/p>\n<p>Die auf dieser Seite ver\u00f6ffentlichten externen Links werden mit gr\u00f6\u00dftm\u00f6glicher Sorgfalt von mir recherchiert und zusammengestellt. Ich habe keinen Einfluss auf die aktuelle und zuk\u00fcnftige Gestaltung und die Inhalte der verlinkten externen Seiten. Ich distanziere mich hiermit ausdr\u00fccklich von allen Inhalten aller extern verlinkter Seiten und mache mir diese Inhalte nicht zu Eigen.<\/p>\n","protected":false},"excerpt":{"rendered":"<p>Impressum Dirk L\u00fcders Osterheide 18 29640 Schneverdingen Info@oldie-schuppen.de www.Oldie-Schuppen.de &nbsp; Rechtliche Hinweise Haftungsbeschr\u00e4nkung Die Seiteninhalte erstelle ich mit gr\u00f6\u00dftm\u00f6glicher Sorgfalt. Jedoch \u00fcbernehme ich keine Gew\u00e4hr f\u00fcr die Richtigkeit, Vollst\u00e4ndigkeit und Aktualit\u00e4t der von mir bereitgestellten Inhalte. Die Nutzung der Inhalte&#8230;<br \/><a class=\"read-more-button\" href=\"https:\/\/www.oldie-schuppen.de\/?page_id=117\">Mehr Lesen<\/a><\/p>\n","protected":false},"author":1,"featured_media":0,"parent":0,"menu_order":0,"comment_status":"closed","ping_status":"closed","template":"","meta":{"jetpack_post_was_ever_published":false,"footnotes":""},"class_list":["post-117","page","type-page","status-publish","hentry"],"jetpack_sharing_enabled":false,"jetpack_shortlink":"https:\/\/wp.me\/P95YvE-1T","jetpack-related-posts":[{"id":206,"url":"https:\/\/www.oldie-schuppen.de\/?page_id=206","url_meta":{"origin":117,"position":0},"title":"Datenschutzerkl\u00e4rung","author":"Dirk","date":"23. Mai 2018","format":false,"excerpt":"Wer wir sind Die Adresse unserer Website ist: https:\/\/oldie-schuppen.de\/. Welche personenbezogenen Daten wir sammeln und warum wir sie sammeln Kommentare Wenn Besucher Kommentare auf der Website schreiben, sammeln wir die Daten, die im Kommentar-Formular angezeigt werden, au\u00dferdem die IP-Adresse des Besuchers und den User-Agent-String (damit wird der Browser identifiziert), um\u2026","rel":"","context":"\u00c4hnlicher Beitrag","block_context":{"text":"\u00c4hnlicher Beitrag","link":""},"img":{"alt_text":"","src":"","width":0,"height":0},"classes":[]},{"id":148,"url":"https:\/\/www.oldie-schuppen.de\/?page_id=148","url_meta":{"origin":117,"position":1},"title":"Links","author":"Dirk","date":"25. August 2017","format":false,"excerpt":"Hier findet Ihr Links zu Partnerseiten: www.oldtimer-ig-schneverdingen.de ist unsere ans\u00e4ssige Oldtimer Interessengemeinschaft. Hier gibts auch die Fotos der j\u00e4hrlichen Ausstellung zu sehen.","rel":"","context":"\u00c4hnlicher Beitrag","block_context":{"text":"\u00c4hnlicher Beitrag","link":""},"img":{"alt_text":"","src":"","width":0,"height":0},"classes":[]}],"_links":{"self":[{"href":"https:\/\/www.oldie-schuppen.de\/index.php?rest_route=\/wp\/v2\/pages\/117","targetHints":{"allow":["GET"]}}],"collection":[{"href":"https:\/\/www.oldie-schuppen.de\/index.php?rest_route=\/wp\/v2\/pages"}],"about":[{"href":"https:\/\/www.oldie-schuppen.de\/index.php?rest_route=\/wp\/v2\/types\/page"}],"author":[{"embeddable":true,"href":"https:\/\/www.oldie-schuppen.de\/index.php?rest_route=\/wp\/v2\/users\/1"}],"replies":[{"embeddable":true,"href":"https:\/\/www.oldie-schuppen.de\/index.php?rest_route=%2Fwp%2Fv2%2Fcomments&post=117"}],"version-history":[{"count":1,"href":"https:\/\/www.oldie-schuppen.de\/index.php?rest_route=\/wp\/v2\/pages\/117\/revisions"}],"predecessor-version":[{"id":118,"href":"https:\/\/www.oldie-schuppen.de\/index.php?rest_route=\/wp\/v2\/pages\/117\/revisions\/118"}],"wp:attachment":[{"href":"https:\/\/www.oldie-schuppen.de\/index.php?rest_route=%2Fwp%2Fv2%2Fmedia&parent=117"}],"curies":[{"name":"wp","href":"https:\/\/api.w.org\/{rel}","templated":true}]}}